when 381 is divided by 169?
43
What is the remainder when 270 is divided by 47?
35
What is the remainder when 1868 is divided by 1865?
3
Calculate the remainder when 569 is divided by 44.
41
What is the remainder when 1495 is divided by 44?
43
Calculate the remainder when 158 is divided by 45.
23
What is the remainder when 2845 is divided by 33?
7
Calculate the remainder when 879 is divided by 74.
65
What is the remainder when 1572 is divided by 45?
42
Calculate the remainder when 1261 is divided by 79.
76
Calculate the remainder when 1202 is divided by 201.
197
Calculate the remainder when 4536 is divided by 89.
86
What is the remainder when 719 is divided by 191?
146
What is the remainder when 139 is divided by 35?
34
Calculate the remainder when 55 is divided by 15.
10
What is the remainder when 69 is divided by 18?
15
What is the remainder when 1977 is divided by 12?
9
Calculate the remainder when 5423 is divided by 7.
5
Calculate the remainder when 1576 is divided by 523.
7
What is the remainder when 167 is divided by 13?
11
Calculate the remainder when 41 is divided by 10.
1
What is the remainder when 358 is divided by 19?
16
Calculate the remainder when 48 is divided by 38.
10
Calculate the remainder when 629 is divided by 206.
11
What is the remainder when 112 is divided by 45?
22
Calculate the remainder when 1171 is divided by 569.
33
Calculate the remainder when 6352 is divided by 227.
223
Calculate the remainder when 2375 is divided by 53.
43
Calculate the remainder when 1603 is divided by 15.
13
Calculate the remainder when 276 is divided by 151.
125
Calculate the remainder when 5123 is divided by 25.
23
Calculate the remainder when 1835 is divided by 36.
35
Calculate the remainder when 259 is divided by 35.
14
What is the remainder when 26 is divided by 26?
0
Calculate the remainder when 39 is divided by 14.
11
Calculate the remainder when 42 is divided by 10.
2
Calculate the remainder when 980 is divided by 161.
14
Calculate the remainder when 322 is divided by 41.
35
Calculate the remainder when 953 is divided by 475.
3
Calculate the remainder when 28 is divided by 24.
4
What is the remainder when 341 is divided by 4?
1
Calculate the remainder when 268 is divided by 34.
30
Calculate the remainder when 2735 is divided by 144.
143
Calculate the remainder when 1710 is divided by 24.
6
What is the remainder when 25 is divided by 7?
4
Calculate the remainder when 1998 is divided by 5.
3
What is the remainder when 187 is divided by 94?
93
Calculate the remainder when 2222 is divided by 9.
8
Calculate the remainder when 1776 is divided by 81.
75
Calculate the remainder when 122 is divided by 34.
20
Calculate the remainder when 1228 is divided by 22.
18
Calculate the remainder when 270 is divided by 70.
60
Calculate the remainder when 88 is divided by 14.
4
Calculate the remainder when 18326 is divided by 232.
230
Calculate the remainder when 94 is divided by 48.
46
Calculate the remainder when 611 is divided by 9.
8
Calculate the remainder when 46 is divided by 18.
10
What is the remainder when 151 is divided by 131?
20
What is the remainder when 1065 is divided by 346?
27
What is the remainder when 507 is divided by 132?
111
What is the remainder when 26477 is divided by 4?
1
What is the remainder when 167 is divided by 51?
14
What is the remainder when 109 is divided by 11?
10
Calculate the remainder when 484 is divided by 66.
22
What is the remainder when 387 is divided by 26?
23
What is the remainder when 859 is divided by 10?
9
What is the remainder when 165 is divided by 19?
13
Calculate the remainder when 383 is divided by 24.
23
What is the remainder when 417 is divided by 186?
45
Calculate the remainder when 41 is divided by 21.
20
Calculate the remainder when 1398 is divided by 4.
2
What is the remainder when 3767 is divided by 82?
77
What is the remainder when 122 is divided by 5?
2
What is the remainder when 121 is divided by 61?
60
Calculate the remainder when 412 is divided by 83.
80
What is the remainder when 399 is divided by 6?
3
Calculate the remainder when 12057 is divided by 163.
158
Calculate the remainder when 415 is divided by 155.
105
What is the remainder when 2925 is divided by 48?
45
What is the remainder when 29 is divided by 13?
3
What is the remainder when 143 is divided by 26?
13
Calculate the remainder when 329 is divided by 35.
14
Calculate the remainder when 609 is divided by 77.
70
Calculate the remainder when 35 is divided by 7.
0
Calculate the remainder when 2806 is divided by 234.
232
What is the remainder when 755 is divided by 28?
27
What is the remainder when 5206 is divided by 31?
29
Calculate the remainder when 203 is divided by 124.
79
What is the remainder when 3328 is divided by 185?
183
Calculate the remainder when 7192 is divided by 327.
325
What is the remainder when 105 is divided by 28?
21
Calculate the remainder when 818 is divided by 7.
6
What is the remainder when 618 is divided by 203?
9
Calculate the remainder when 222 is divided by 9.
6
Calculate the remainder when 18685 is divided by 22.
7
Calculate the remainder when 16 is divided by 12.
4
What is the remainder when 3474 is divided by 24?
18
Calculate the remainder when 595 is divided by 83.
14
Calculate the remainder when 31 is divided by 12.
7
Calculate the remainder when 470 is divided by 138.
56
What is the remainder when 5445 is divided by 30?
15
Calculate the remainder when 3334 is divided by 108.
94
Calculate the remainder when 168 is divided by 50.
18
Calculate the remainder when 75 is divided by 32.
11
What is the remainder when 143 is divided by 59?
25
What is the remainder when 2694 is divided by 15?
9
Calculate the remainder when 1720 is divided by 538.
106
What is the remainder when 512 is divided by 54?
26
Calculate the remainder when 682 is divided by 18.
16
What is the remainder when 137 is divided by 70?
67
Calculate the remainder when 647 is divided by 55.
42
Calculate the remainder when 190 is divided by 111.
79
Calculate the remainder when 2734 is divided by 9.
7
What is the remainder when 13 is divided by 5?
3
Calculate the remainder when 329 is divided by 161.
7
Calculate the remainder when 11155 is divided by 120.
115
Calculate the remainder when 13 is divided by 9.
4
Calculate the remainder when 497 is divided by 126.
119
Calculate the remainder when 560 is divided by 51.
50
Calculate the remainder when 705 is divided by 127.
70
Calculate the remainder when 398 is divided by 51.
41
What is the remainder when 1084 is divided by 31?
30
What is the remainder when 31 is divided by 9?
4
What is the remainder when 168 is divided by 17?
15
What is the remainder when 2599 is divided by 104?
103
Calculate the remainder when 507 is divided by 10.
7
Calculate the remainder when 3806 is divided by 136.
134
Calculate the remainder when 26 is divided by 14.
12
What is the remainder when 407 is divided by 212?
195
What is the remainder when 114 is divided by 23?
22
Calculate the remainder when 222 is divided by 46.
38
Calculate the remainder when 704 is divided by 37.
1
Calculate the remainder when 81 is divided by 7.
4
Calculate the remainder when 299 is divided by 96.
11
What is the remainder when 1175 is divided by 7?
6
Calculate the remainder when 878 is divided by 40.
38
What is the remainder when 56 is divided by 16?
8
Calculate the remainder when 785 is divided by 386.
13
Calculate the remainder when 1168 is divided by 381.
25
What is the remainder when 151 is divided by 26?
21
What is the remainder when 291 is divided by 99?
93
Calculate the remainder when 461 is divided by 45.
11
What is the remainder when 1536 is divided by 28?
24
Calculate the remainder when 1597 is divided by 123.
121
Calculate the remainder when 482 is divided by 7.
6
Calculate the remainder when 180 is divided by 96.
84
What is the remainder when 108 is divided by 33?
9
Calculate the remainder when 350 is divided by 22.
20
What is the remainder when 1556 is divided by 516?
8
Calculate the remainder when 3623 is divided by 74.
71
What is the remainder when 61 is divided by 17?
10
Calculate the remainder when 409 is divided by 10.
9
What is the remainder when 98 is divided by 9?
8
What is the remainder when 223 is divided by 10?
3
Calc